 -2*h**3 - 53*h**2 - 22*h + 89. Calculate c(-26).
-15
Let n(b) = b**2 - 7*b + 9. Calculate n(7).
9
Let w(j) = j**2 + 20*j + 69. Determine w(-5).
-6
Let v(i) = 10*i + 337. Give v(-34).
-3
Let w(b) = -2*b**3 + b + 1. Give w(-2).
15
Let s(w) = -w**2 - 4*w - 6. What is s(-4)?
-6
Let b(x) = x**2 - 125*x + 367. Determine b(3).
1
Let l(f) = -3*f - 12. Calculate l(9).
-39
Let d(h) = h**3 - 6*h**2 - 15*h - 4. What is d(8)?
4
Let n(m) = 2*m**3 - 4*m**2 - m + 11. Calculate n(3).
26
Let m(s) = s**3 - 7*s**2 - 29*s + 19. What is m(10)?
29
Let t(i) = 6*i**3 + 2*i**2 - i. Calculate t(1).
7
Let c(h) = 2*h**2 - 9*h - 9. Calculate c(-1).
2
Let y(o) = -2*o**3 - 3*o**2 + 9*o - 2. Determine y(-4).
42
Let v(z) = -z**3 - 9*z**2 + z + 8. Give v(-9).
-1
Let f(m) = -51*m - 571. Determine f(-11).
-10
Let g(w) = 2*w + 1. What is g(1)?
3
Let a(i) = -i**3 + 18*i**2 - 18*i + 20. Calculate a(17).
3
Let a(x) = -x**3 + 28*x**2 - 28*x + 22. What is a(27)?
-5
Let f(i) = -i**3 + 10*i**2 - 13*i + 11. What is f(9)?
-25
Let v(w) = -7*w + 54. What is v(20)?
-86
Let f(y) = -7*y**2 + 17*y - 5. What is f(3)?
-17
Let k(t) = -2*t - 27. Give k(-11).
-5
Let x(m) = 8*m**3 - 2*m**2 + 2*m. What is x(1)?
8
Let i(u) = -7*u - 48. What is i(-8)?
8
Let w(k) = k**2 + 3*k - 37. Calculate w(-5).
-27
Let z(q) = -13*q - 239. Calculate z(-18).
-5
Let n(l) = 2*l**2 - 6*l - 5. What is n(4)?
3
Let s(n) = 4*n**2 - 40*n + 11. Give s(10).
11
Let b(w) = -3*w**3 - 17*w**2 - 10*w + 5. Calculate b(-5).
5
Let q(x) = 11*x**2 - 6*x - 10. Calculate q(-2).
46
Let y(q) = -2*q**2 + 27*q + 45. Calculate y(15).
0
Let f(b) = 10*b**2 - b. Give f(2).
38
Let o(k) = -2*k**2 + 50*k + 3. What is o(25)?
3
Let h(f) = f**3 - 4*f**2 - f + 1. Give h(5).
21
Let n(t) = t**2 - 2*t - 14. What is n(0)?
-14
Let p(m) = 3*m**2 - 3*m + 4. What is p(4)?
40
Let j(z) = 2*z + 42. What is j(-27)?
-12
Let u(q) = q**2 + 11*q + 12. Determine u(-11).
12
Let j(s) = s**2 - 12*s - 3. Determine j(11).
-14
Let x(v) = v**2 + v + 5. Give x(0).
5
Let s(i) = i**2 + 13*i - 6. Calculate s(-13).
-6
Let r(q) = -q + 1. Determine r(0).
1
Let k(z) = -2*z**2 - 23*z - 5. What is k(-12)?
-17
Let o(c) = -c - 3. Calculate o(-7).
4
Let p(c) = 2*c + 17. Give p(3).
23
Let a(i) = -i**2 + 17*i + 1. Calculate a(17).
1
Let l(n) = 5*n + 7. Give l(-3).
-8
Let j(m) = -m**2 - 7*m + 29. Calculate j(-13).
-49
Let y(d) = -5*d**3 - d**2 - d + 1. Determine y(2).
-45
Let g(f) = -f**2 + 20*f - 38. Determine g(18).
-2
Let s(i) = 6*i**2 - 2*i + 1. What is s(1)?
5
Let i(r) = -r**3 - 6*r**2 + 8*r - 3. Give i(-7).
-10
Let r(v) = 33*v + 12. Determine r(-4).
-120
Let l(g) = g**2 - 12*g - 12. Determine l(13).
1
Let t(u) = u**3 - 5*u**2 + 2*u + 2. Determine t(4).
-6
Let n(v) = v**3 + 4*v**2 - 8*v - 6. What is n(-5)?
9
Let u(r) = -r**3 - 6*r**2 - 6*r - 3. Calculate u(-3).
-12
Let s(a) = -5*a + 43. What is s(7)?
8
Let x(p) = 6*p**2 + 2*p - 1. What is x(1)?
7
Let u(c) = c**2 - 9*c + 7. Give u(5).
-13
Let i(z) = z**2 + 8*z + 2. What is i(-8)?
2
Let g(c) = -c**2 + 14*c - 27. Calculate g(8).
21
Let r(v) = v**2 + 14*v - 33. Determine r(-17).
18
Let b(s) = s**3 - 14*s**2 + 15*s + 23. Determine b(13).
49
Let u(v) = 83*v**2 + 3*v - 4. Calculate u(1).
82
Let h(k) = -2*k**2 + 5*k + 7. Determine h(-3).
-26
Let l(o) = -3*o - 115. Determine l(-31).
-22
Let u(f) = -f**2 - 5*f + 8. What is u(-5)?
8
Let q(y) = y**3 - 18*y**2 + 24*y - 123. Determine q(17).
-4
Let z(s) = s**2 + 23*s - 87. Calculate z(-27).
21
Let m(v) = -v**3 + 2*v - 1. Determine m(1).
0
Let o(n) = -n**3 + 8*n**2 - 3*n + 3. Calculate o(7).
31
Let m(j) = -j**2 - j - 5. What is m(-6)?
-35
Let d(u) = -10*u**3 - u**2 + 34*u + 34. Calculate d(-1).
9
Let l(p) = p**2 - 20*p + 1. Give l(18).
-35
Let t(d) = -2*d**2 - 11*d + 13. Give t(-6).
7
Let q(a) = -a**2 + a - 2. Calculate q(0).
-2
Let p(o) = -o**2 + 15*o - 7. What is p(7)?
49
Let g(u) = 3*u + 16. Determine g(-7).
-5
Let x(r) = -r**3 - 5*r**2 + 2*r + 5. Determine x(-4).
-19
Let k(t) = t**2 - t - 27. Determine k(5).
-7
Let a(p) = -p**2 - 2*p + 1. Determine a(0).
1
Let q(d) = -d**3 - 9*d**2 - 2*d - 6. What is q(-9)?
12
Let c(o) = -o**3 + 3*o**2 + 54*o + 6. Calculate c(9).
6
Let n(t) = -t**3 + 50*t**2 - 94*t - 92. Determine n(48).
4
Let t(w) = w**3 + 8*w**2 + 9*w + 13. Give t(-7).
-1
Let l(b) = -b. Give l(10).
-10
Let c(g) = g - 31. Give c(8).
-23
Let u(p) = -2*p**2 + 11*p + 12. Determine u(6).
6
Let t(q) = -8*q + 11. Give t(-5).
51
Let x(i) = 2*i - 6. Calculate x(10).
14
Let i(f) = 3*f**2 + 6*f + 7. Give i(-1).
4
Let g(o) = -28*o + 33. Determine g(-6).
201
Let l(u) = 5*u**2 - 2*u + 2. Calculate l(2).
18
Let y(f) = -f**3 + 7*f**2 + 9*f - 9. Determine y(8).
-1
Let t(y) = -y**2 - 7*y - 8. What is t(-7)?
-8
Let v(o) = o**3 - 4*o**2 + 7*o - 4. Calculate v(2).
2
Let i(v) = -24*v + 62. Give i(3).
-10
Let t(o) = o**2 + 2*o + 3. What is t(-6)?
27
Let s(m) = 2*m**3 - 2*m**2 + 5*m + 13. Determine s(-4).
-167
Let s(h) = -h**2 - 4*h - 3. What is s(-2)?
1
Let r(x) = x**2 - 8*x - 19. Give r(8).
-19
Let n(j) = -8*j + 364. Calculate n(42).
28
Let y(q) = -q**3 - 7*q**2 - 3*q + 6. What is y(-5)?
-29
Let i(v) = -v**3 + 3*v**2 + 19*v + 6. Determine i(6).
12
Let y(u) = u**2 - 9*u + 30. Calculate y(10).
40
Let l(j) = -3*j**2 + j. Calculate l(3).
-24
Let y(k) = -4*k**3 - 2*k**2 - k - 1. Determine y(-2).
25
Let n(v) = v**2 + 8*v - 14. Determine n(-11).
19
Let t(a) = -a - 16. What is t(12)?
-28
Let p(j) = 3*j + 20. Calculate p(-4).
8
Let m(d) = -d - 15. Give m(0).
-15
Let a(h) = -770*h + 765. Determine a(1).
-5
Let x(t) = t - 30. Determine x(6).
-24
Let r(q) = 4*q**2 - 2*q - 14. Give r(-2).
6
Let i(x) = -x**2 - 7*x - 6. Give i(-4).
6
Let n(u) = u**2 - 11*u + 2. Determine n(9).
-16
Let n(v) = -4*v + 16. Give n(4).
0
Let s(z) = z**2 - 10*z - 6. Determine s(11).
5
Let t(z) = 40*z + 1. Calculate t(-1).
-39
Let v(k) = -13*k - 225. What is v(-17)?
-4
Let s(p) = -8*p**3 + 2*p**2 + 2*p - 4. Calculate s(1).
-8
Let c(a) = a**2 + 13*a - 16. Calculate c(-14).
-2
Let w(r) = -25*r + 96. Give w(4).
-4
Let f(s) = s**2 + 3*s + 2. Give f(3).
20
Let y(r) = -r**2 + 5*r + 27. What is y(-5)?
-23
Let a(b) = -b**3 + 10*b**2 - 10*b + 46. Give a(9).
37
Let n(y) = y**3 + 11*y**2 + 30*y + 6. Give n(-6).
6
Let j(d) = 17*d + 11. What is j(3)?
62
Let v(z) = -z + 1. What is v(-3)?
4
Let q(v) = -v**2 - 17*v + 43. What is q(-19)?
5
Let k(t) = -t**3 + 26*t**2 - 25*t + 6. Calculate k(25).
6
Let h(l) = l**3 + 3*l**2 + l. Calculate h(-1).
1
Let s(l) = 2*l + 8. Calculate s(8).
24
Let u(b) = 2*b**2 + 14*b + 8. Give u(-5).
-12
Let y(k) = -k**3 - 7*k**2 - 2*k + 43. What is y(-6)?
19
Let t(y) = y**2 - 5*y + 6. What is t(4)?
2
Let f(m) = m**2 + 13*m - 7. Determine f(-12).
-19
Let s(w) = 2*w - 13. Give s(5).
-3
Let c(g) = -g**2 - 10*g + 13. Give c(-10).
13
Let j(l) = -l + 25. Determine j(0).
25
Let a(c) = 2*c + 33. What is a(-16)?
1
Let p(a) = -a**3 - a**2 - 9*a - 40. Determine p(-3).
5
Let a(i) = 7*i - 499. Determine a(72).
5
Let h(l) = l**3 + 5*l**2 + 12*l + 9. Calculate h(-4).
-23
Let r(f) = -3*f**3 - 6*f**2 + 4*f + 14. Determine r(-2).
6
Let v(d) = d**3 - 7*d**2 - 8*d + 17. Give v(7).
-39
Let y(c) = -c**2 + 2*c + 8. Determine y(3).
5
Let v(a) = 3*a**2 - 72*a - 8. Give v(24).
-8
Let v(l) = -l**3 + 3*l**2 + 2*l - 5. Give v(5).
-45
Let h(p) = 7*p - 3. Calculate h(-15).
-108
Let p(a) = 2*a + 56. What is p(-28)?
0
Let g(u) = 11*u + 2. Determine g(1).
13
Let u(s) = -7*s**2 - 3*s + 5. Calculate u(2).
-29
Let a(f) = f**2 + 10*f + 5. Calculate a(-7).
-16
Let g(a) = -42*a - 139. Give g(-3).
-13
Let y(s) = 2*s**2 + 16*s - 2. What is y(-8)?
-2
Let h(m) = 4*m - 1. Calculate h(1).
3
Let x(s) = 5*s + 43. What is x(-10)?
-7
Let c(z) = -z + 15. What is c(16)?
-1
Let j(p) = -4*p**3 - p**2 - 4*p + 3. Calculate j(3).
-126
Let q(h) = 16*h**3 + h**2 - 3*h + 2. What is q(1)?
16
Let d(c) = c**2 + 14*c - 99. Calculate d(-19).
-4
Let s(u) = u**3 - 4*u + 1. Give s(2).
1
Let a(m) = -2*m**3 - 14*m**2 + m + 12. Calculate a(-7).
5
Let v(c) = -c**3 + 9*c**2 - 8*c - 7. Determine v(7).
35
Let x(v) = -2*v**3 - 2*v**2 + 9*v - 9. What is x(2)?
-15
Let s(g) = -g**3 + 8*g**2 - 17*g + 2. Determine s(7).
-68
Let t(y) = 2*y**3 + 22*y**2 + 2*y + 30. Determine t(-11).
8
Let c(p) = -p**3 + 9*p**2 + 22*p + 27. Give c(12).
-141
Let a(i) = -24*i - 74. Determine a(-3).
-2
Let j(w) = w + 16. Determine j(13).
29
Let r(v